{"id":986,"date":"2018-09-04T19:28:34","date_gmt":"2018-09-04T17:28:34","guid":{"rendered":"http:\/\/colocas.free.fr\/?page_id=986"},"modified":"2026-02-27T13:33:49","modified_gmt":"2026-02-27T12:33:49","slug":"locations-caisse-a-savon","status":"publish","type":"page","link":"https:\/\/colocas.fr\/?page_id=986","title":{"rendered":"Locations caisse \u00e0 savon"},"content":{"rendered":"<p>Le CoLoCAS propose des locations de caisses \u00e0 savon.<\/p>\n<p>Les caisses \u00e0 savon sont soumissent a un r\u00e8glement Fran\u00e7ais concernant la s\u00e9curit\u00e9 (du pilote, et des spectateurs),<br \/>\nPour le moment, nous ne disposons que de caisses a savon pour enfant: C1 (6-9 ans) et C2 (10-13 ans) de petite taille.<\/p>\n<p><a href=\"https:\/\/colocas.fr\/?attachment_id=3763\" rel=\"attachment wp-att-3763\"><img loading=\"lazy\" decoding=\"async\" class=\"alignnone wp-image-3763 \" src=\"https:\/\/colocas.fr\/wp-content\/uploads\/2026\/02\/caisse-violette-Aurelien.jpg\" alt=\"\" width=\"695\" height=\"463\" srcset=\"https:\/\/colocas.fr\/wp-content\/uploads\/2026\/02\/caisse-violette-Aurelien.jpg 2048w, https:\/\/colocas.fr\/wp-content\/uploads\/2026\/02\/caisse-violette-Aurelien-300x200.jpg 300w, https:\/\/colocas.fr\/wp-content\/uploads\/2026\/02\/caisse-violette-Aurelien-1024x683.jpg 1024w, https:\/\/colocas.fr\/wp-content\/uploads\/2026\/02\/caisse-violette-Aurelien-768x512.jpg 768w, https:\/\/colocas.fr\/wp-content\/uploads\/2026\/02\/caisse-violette-Aurelien-1536x1024.jpg 1536w\" sizes=\"auto, (max-width: 695px) 100vw, 695px\" \/><\/a> <a href=\"https:\/\/colocas.fr\/?attachment_id=3764\" rel=\"attachment wp-att-3764\"><img loading=\"lazy\" decoding=\"async\" class=\"alignnone wp-image-3764 \" src=\"https:\/\/colocas.fr\/wp-content\/uploads\/2026\/02\/Caisse-Rouge-Jean-Paul.jpg\" alt=\"\" width=\"347\" height=\"462\" srcset=\"https:\/\/colocas.fr\/wp-content\/uploads\/2026\/02\/Caisse-Rouge-Jean-Paul.jpg 1536w, https:\/\/colocas.fr\/wp-content\/uploads\/2026\/02\/Caisse-Rouge-Jean-Paul-225x300.jpg 225w, https:\/\/colocas.fr\/wp-content\/uploads\/2026\/02\/Caisse-Rouge-Jean-Paul-1024x1365.jpg 1024w, https:\/\/colocas.fr\/wp-content\/uploads\/2026\/02\/Caisse-Rouge-Jean-Paul-768x1024.jpg 768w, https:\/\/colocas.fr\/wp-content\/uploads\/2026\/02\/Caisse-Rouge-Jean-Paul-1152x1536.jpg 1152w\" sizes=\"auto, (max-width: 347px) 100vw, 347px\" \/><\/a><\/p>\n<div class=\"caldera-grid\" id=\"caldera_form_1\" data-cf-ver=\"1.9.7\" data-cf-form-id=\"CF5b9fdf5961f85\"><div id=\"caldera_notices_1\" data-spinner=\"https:\/\/colocas.fr\/wp-admin\/images\/spinner.gif\"><\/div><form data-instance=\"1\" class=\"CF5b9fdf5961f85 caldera_forms_form cfajax-trigger\" method=\"POST\" enctype=\"multipart\/form-data\" id=\"CF5b9fdf5961f85_1\" data-form-id=\"CF5b9fdf5961f85\" aria-label=\"Demande de location\" data-target=\"#caldera_notices_1\" data-template=\"#cfajax_CF5b9fdf5961f85-tmpl\" data-cfajax=\"CF5b9fdf5961f85\" data-load-element=\"_parent\" data-load-class=\"cf_processing\" data-post-disable=\"0\" data-action=\"cf_process_ajax_submit\" data-request=\"https:\/\/colocas.fr\/?cf_api=CF5b9fdf5961f85\" data-hiderows=\"true\">\r\n<input type=\"hidden\" id=\"_cf_verify_CF5b9fdf5961f85\" name=\"_cf_verify\" value=\"7bf2f4807f\"  data-nonce-time=\"1777386627\" \/><input type=\"hidden\" name=\"_wp_http_referer\" value=\"\/index.php?rest_route=%2Fwp%2Fv2%2Fpages%2F986\" \/><div id=\"cf2-CF5b9fdf5961f85_1\"><\/div><input type=\"hidden\" name=\"_cf_frm_id\" value=\"CF5b9fdf5961f85\">\r\n<input type=\"hidden\" name=\"_cf_frm_ct\" value=\"1\">\r\n<input type=\"hidden\" name=\"cfajax\" value=\"CF5b9fdf5961f85\">\r\n<input type=\"hidden\" name=\"_cf_cr_pst\" value=\"986\">\r\n<div class=\"hide\" style=\"display:none; overflow:hidden;height:0;width:0;\">\r\n<label>Url<\/label><input type=\"text\" name=\"url\" value=\"\" autocomplete=\"off\">\r\n<\/div><div id=\"CF5b9fdf5961f85_1-row-1\"  class=\"row  first_row\"><div  class=\"col-sm-6  first_col\"><div data-field-wrapper=\"fld_185917\" class=\"form-group\" id=\"fld_185917_1-wrap\">\r\n\t<label id=\"fld_185917Label\" for=\"fld_185917_1\" class=\"control-label\">Pr\u00e9nom <span aria-hidden=\"true\" role=\"presentation\" class=\"field_required\" style=\"color:#ee0000;\">*<\/span><\/label>\r\n\t<div class=\"\">\r\n\t\t<input   required type=\"text\" data-field=\"fld_185917\" class=\" form-control\" id=\"fld_185917_1\" name=\"fld_185917\" value=\"\" data-type=\"text\" aria-required=\"true\"   aria-labelledby=\"fld_185917Label\" >\t\t\t<\/div>\r\n<\/div>\r\n<div data-field-wrapper=\"fld_5173142\" class=\"form-group\" id=\"fld_5173142_1-wrap\">\r\n\t<label id=\"fld_5173142Label\" for=\"fld_5173142_1\" class=\"control-label\">Pr\u00e9nom si c'est pour un mineur.<\/label>\r\n\t<div class=\"\">\r\n\t\t<input    type=\"text\" data-field=\"fld_5173142\" class=\" form-control\" id=\"fld_5173142_1\" name=\"fld_5173142\" value=\"\" data-type=\"text\"   aria-labelledby=\"fld_5173142Label\" >\t\t\t<\/div>\r\n<\/div>\r\n<\/div><div  class=\"col-sm-6  last_col\"><div data-field-wrapper=\"fld_6892512\" class=\"form-group\" id=\"fld_6892512_1-wrap\">\r\n\t<label id=\"fld_6892512Label\" for=\"fld_6892512_1\" class=\"control-label\">Nom de famille <span aria-hidden=\"true\" role=\"presentation\" class=\"field_required\" style=\"color:#ee0000;\">*<\/span><\/label>\r\n\t<div class=\"\">\r\n\t\t<input   required type=\"text\" data-field=\"fld_6892512\" class=\" form-control\" id=\"fld_6892512_1\" name=\"fld_6892512\" value=\"\" data-type=\"text\" aria-required=\"true\"   aria-labelledby=\"fld_6892512Label\" >\t\t\t<\/div>\r\n<\/div>\r\n<\/div><\/div><div id=\"CF5b9fdf5961f85_1-row-2\"  class=\"row \"><div  class=\"col-sm-12  single\"><\/div><\/div><div id=\"CF5b9fdf5961f85_1-row-3\"  class=\"row \"><div  class=\"col-sm-12  single\"><div data-field-wrapper=\"fld_2254781\" class=\"form-group\" id=\"fld_2254781_1-wrap\">\r\n\t<label id=\"fld_2254781Label\" for=\"fld_2254781_1\" class=\"control-label\">Num\u00e9ro de mobile <span aria-hidden=\"true\" role=\"presentation\" class=\"field_required\" style=\"color:#ee0000;\">*<\/span><\/label>\r\n\t<div class=\"\">\r\n\t\t<input   required type=\"tel\" data-field=\"fld_2254781\" class=\" form-control\" id=\"fld_2254781_1\" name=\"fld_2254781\" value=\"\" data-type=\"phone_better\" aria-required=\"true\"   aria-labelledby=\"fld_2254781Label\" >\t\t\t<\/div>\r\n<\/div>\r\n<div data-field-wrapper=\"fld_7900587\" class=\"form-group\" id=\"fld_7900587_1-wrap\">\r\n\t<label id=\"fld_7900587Label\" for=\"fld_7900587_1\" class=\"control-label\">Adresse de messagerie <span aria-hidden=\"true\" role=\"presentation\" class=\"field_required\" style=\"color:#ee0000;\">*<\/span><\/label>\r\n\t<div class=\"\">\r\n\t\t<input   required type=\"email\" data-field=\"fld_7900587\" class=\" form-control\" id=\"fld_7900587_1\" name=\"fld_7900587\" value=\"\" data-type=\"email\" aria-required=\"true\"   aria-labelledby=\"fld_7900587Label\" >\t\t\t<\/div>\r\n<\/div>\r\n<\/div><\/div><div id=\"CF5b9fdf5961f85_1-row-4\"  class=\"row \"><div  class=\"col-sm-12  single\"><div data-field-wrapper=\"fld_9356744\" class=\"form-group\" id=\"fld_9356744_1-wrap\">\r\n\t<label id=\"fld_9356744Label\" for=\"fld_9356744_1\" class=\"control-label\">Date de naissance <span aria-hidden=\"true\" role=\"presentation\" class=\"field_required\" style=\"color:#ee0000;\">*<\/span><\/label>\r\n\t<div class=\"\">\r\n\t\t<input   required type=\"date\" data-field=\"fld_9356744\" class=\" form-control\" id=\"fld_9356744_1\" name=\"fld_9356744\" value=\"\" data-type=\"date\" aria-required=\"true\"   aria-labelledby=\"fld_9356744Label\" >\t\t\t<\/div>\r\n<\/div>\r\n<\/div><\/div><div id=\"CF5b9fdf5961f85_1-row-5\"  class=\"row \"><div  class=\"col-sm-12  single\"><div data-field-wrapper=\"fld_4911565\" class=\"form-group\" id=\"fld_4911565_1-wrap\">\r\n\t<label id=\"fld_4911565Label\" for=\"fld_4911565_1\" class=\"control-label\">Taille du pilote <span aria-hidden=\"true\" role=\"presentation\" class=\"field_required\" style=\"color:#ee0000;\">*<\/span><\/label>\r\n\t<div class=\"\">\r\n\t\t<input   required type=\"text\" data-field=\"fld_4911565\" class=\" form-control\" id=\"fld_4911565_1\" name=\"fld_4911565\" value=\"\" data-type=\"text\" aria-required=\"true\"   aria-labelledby=\"fld_4911565Label\" >\t\t\t<\/div>\r\n<\/div>\r\n<div data-field-wrapper=\"fld_249341\" class=\"form-group\" id=\"fld_249341_1-wrap\">\r\n\t<label id=\"fld_249341Label\" for=\"fld_249341_1\" class=\"control-label\">Pour quelle Course ? <span aria-hidden=\"true\" role=\"presentation\" class=\"field_required\" style=\"color:#ee0000;\">*<\/span><\/label>\r\n\t<div class=\"\">\r\n\t\t<input   required type=\"text\" data-field=\"fld_249341\" class=\" form-control\" id=\"fld_249341_1\" name=\"fld_249341\" value=\"\" data-type=\"text\" aria-required=\"true\"   aria-labelledby=\"fld_249341Label\" >\t\t\t<\/div>\r\n<\/div>\r\n<\/div><\/div><div id=\"CF5b9fdf5961f85_1-row-6\"  class=\"row  last_row\"><div  class=\"col-sm-12  single\"><div data-field-wrapper=\"fld_4089741\" class=\"form-group\" id=\"fld_4089741_1-wrap\">\r\n\t<label id=\"fld_4089741Label\" for=\"fld_4089741_1\" class=\"control-label\">Commentaires<\/label>\r\n\t<div class=\"\">\r\n\t\t<textarea name=\"fld_4089741\" value=\"\" data-field=\"fld_4089741\" class=\"form-control\" id=\"fld_4089741_1\" rows=\"4\"    aria-labelledby=\"fld_4089741Label\" ><\/textarea>\n\t\t\t<\/div>\r\n<\/div>\r\n<div data-field-wrapper=\"fld_7167496\" class=\"form-group\" id=\"fld_7167496_1-wrap\">\r\n<div class=\"\">\r\n\t<input  class=\"btn btn-default\" type=\"submit\" name=\"fld_7167496\" id=\"fld_7167496_1\" value=\"Soumettre\" data-field=\"fld_7167496\"  >\n<\/div>\r\n<\/div>\r\n\t<input class=\"button_trigger_1\" type=\"hidden\" name=\"fld_7167496\" id=\"fld_7167496_1_btn\" value=\"\" data-field=\"fld_7167496\"  \/>\n<\/div><\/div><\/form>\r\n<\/div>\r\n\n<p>&nbsp;<\/p>\n","protected":false},"excerpt":{"rendered":"<p>Le CoLoCAS propose des locations de caisses \u00e0 savon. Les caisses \u00e0 savon sont soumissent a un r\u00e8glement Fran\u00e7ais concernant la s\u00e9curit\u00e9 (du pilote, et des spectateurs), Pour le moment, nous ne disposons que de caisses a savon pour enfant: C1 (6-9 ans) et C2 (10-13 ans) de petite taille. &nbsp;<\/p>\n","protected":false},"author":7,"featured_media":0,"parent":0,"menu_order":0,"comment_status":"closed","ping_status":"closed","template":"","meta":{"footnotes":""},"class_list":["post-986","page","type-page","status-publish","czr-hentry"],"_links":{"self":[{"href":"https:\/\/colocas.fr\/index.php?rest_route=\/wp\/v2\/pages\/986","targetHints":{"allow":["GET"]}}],"collection":[{"href":"https:\/\/colocas.fr\/index.php?rest_route=\/wp\/v2\/pages"}],"about":[{"href":"https:\/\/colocas.fr\/index.php?rest_route=\/wp\/v2\/types\/page"}],"author":[{"embeddable":true,"href":"https:\/\/colocas.fr\/index.php?rest_route=\/wp\/v2\/users\/7"}],"replies":[{"embeddable":true,"href":"https:\/\/colocas.fr\/index.php?rest_route=%2Fwp%2Fv2%2Fcomments&post=986"}],"version-history":[{"count":8,"href":"https:\/\/colocas.fr\/index.php?rest_route=\/wp\/v2\/pages\/986\/revisions"}],"predecessor-version":[{"id":3766,"href":"https:\/\/colocas.fr\/index.php?rest_route=\/wp\/v2\/pages\/986\/revisions\/3766"}],"wp:attachment":[{"href":"https:\/\/colocas.fr\/index.php?rest_route=%2Fwp%2Fv2%2Fmedia&parent=986"}],"curies":[{"name":"wp","href":"https:\/\/api.w.org\/{rel}","templated":true}]}}